 4. Determine s(i).
-40
Let g(n) = 7*n + 5. Let w(h) = -12*h - 10. Let x(f) = -5*g(f) - 3*w(f). Determine x(-8).
-3
Let h(q) = -2 - 3*q - 2 + 6*q - 4*q. Let b = 1298 - 1305. Determine h(b).
3
Let o = 18 + -16. Let u = o - -1. Let t(h) = h**3 - 3*h**2 + 3*h - 3. Calculate t(u).
6
Suppose 2*f = -r + 7 + 32, -f = 2*r - 84. Suppose -r*i = -37*i - 54. Let c(q) = q**2 - 9*q - 5. Calculate c(i).
-5
Let j(a) be the third derivative of 7/6*a**3 + 0*a - 1/120*a**6 + 0 + 10*a**2 - 1/24*a**4 + 0*a**5. Suppose 3*r = 5*r. Determine j(r).
7
Let b(h) be the first derivative of -1/4*h**4 + 0*h + 9 + 3*h**2 + 2*h**3. Determine b(7).
-7
Let z(l) = -11*l**3 + 12*l**2 + 15*l + 7. Let u(r) = 2*r**3 - 4*r**2 - r. Let x(d) = -5*u(d) - z(d). What is x(-9)?
2
Let t(b) = -b**3 + 5*b**2 + 3*b - 17. Suppose 0 = p + 2*p - 3*o - 18, 0 = 5*o + 5. Determine t(p).
-2
Let o(v) = -5*v**3 - 92*v**2 - 36*v. Let j be o(-18). Let q(n) = n - 1. Let f(z) = -z**2 - 17. Let u(b) = f(b) - q(b). Determine u(j).
-16
Let l(n) = 5 + 2510*n**2 - 2*n - 2514*n**2 + 0. Determine l(4).
-67
Let q(u) = u**3 - 8*u**2 - 9*u - 4. Suppose 12 = 6*k - 42. Give q(k).
-4
Suppose n = 5*c + 38, -131 + 46 = -5*n + 4*c. Suppose 4*s = n - 1. Let g(h) = -2*h. Calculate g(s).
-6
Suppose -24 = 5*x - q, -3*x - q - 2*q = 18. Let u(g) be the first derivative of -g**3/3 - 3*g**2/2 + 4*g - 273. Give u(x).
-6
Let a(y) be the second derivative of -y**6/360 - y**5/30 - 5*y**4/24 + 25*y**3/6 - 38*y. Let o(h) be the second derivative of a(h). What is o(-4)?
-5
Let x(o) be the third derivative of o**6/12 + o**5/20 + o**4/24 - o**3/6 + 675*o**2 + o. Calculate x(-1).
-9
Let j(f) be the first derivative of 3*f**2/2 + 23*f + 515. Give j(-8).
-1
Suppose -14 = -4*q - 2. Let n be (-2)/(-1) + 9/q. Let f = n - 5. Let b(x) = -x - 5. Determine b(f).
-5
Let p(h) = -13*h**3 - h**2 - 8*h + 20. Let i(m) = -2*m**3 - m**2 - 2*m + 2. Let t(v) = -6*i(v) + p(v). What is t(6)?
-4
Let d = 1 - -1. Let q(i) = -d + i + i + i + 6. Suppose 3*h - 4*l - 8 = -13, -2*h - 4 = -2*l. Determine q(h).
-5
Let j(c) = c**2 - 11*c + 11. Let g be (-12)/20 + ((-96)/(-10) - -3). Determine j(g).
23
Let y = 22 - 20. Let z(d) be the second derivative of 3*d**4/8 + d**3/6 + 11*d**2/2 + 9*d. Let o(r) be the first derivative of z(r). What is o(y)?
19
Let o(u) = -u**2 + 46*u - 404. Let z be o(12). Let x(r) = r**3 - 3*r**2 + 2*r + 1. Calculate x(z).
25
Let h be 3 + (-26)/8 + 22/(-8). Let i(o) be the first derivative of -1 - 2*o - o**3 - 1/4*o**4 - 3/2*o**2. Give i(h).
7
Let h(u) = u**3 + 15*u**2 - 16*u + 6. Let q be h(-16). Let l(z) = -319 + 6*z**2 + 642 - 319 - z**3. What is l(q)?
4
Suppose -4*g = -3*g - 1. Let d(i) be the second derivative of -1/2*i**2 - 3/5*i**5 + 0 + 0*i**3 - i + 1/6*i**4. Calculate d(g).
-11
Let l = 322 - 318. Let f = 6 + -4. Let d(p) = f - 2*p + 2*p + p - 3. Determine d(l).
3
Suppose -3*t + 81 = -18. Suppose t = -4*x - 5*w + 6, -12 = 3*x + w. Let z(q) = -q - 4. Determine z(x).
-1
Let x(y) = -y**3 - 12*y**2 + 26*y - 22. Let m be x(-14). Let f(h) = -4*h - 3. Calculate f(m).
-27
Let h = -36 - -35. Let w(d) be the second derivative of 1/3*d**3 - 1/4*d**4 - 2*d + 0 + 1/2*d**2. What is w(h)?
-4
Suppose -38 = 20*q - 238. Let m(w) = -6 + 0*w**2 + w**2 - 5*w - 4*w. Let v be m(q). Let p(r) = r**3 - 3*r**2 - r. What is p(v)?
12
Let c(q) be the first derivative of -q**3/3 + 3*q**2/2 + 9*q + 81. What is c(4)?
5
Let b(v) = v**2 + 3*v - 3. Suppose 3*a + 3*o = -159, 2*a = 4*o + 4 - 128. Let f = a + 60. Give b(f).
25
Let g be ((-19)/(-57))/((-1)/(-3)). Let d(h) = -5*h + 0*h - 3*h. Calculate d(g).
-8
Let t(s) = 6*s**2 + s - 9. Let z(o) = 7*o**2 - 13. Let a(n) = 5*t(n) - 4*z(n). Give a(-2).
5
Let f be (-6 - 128/(-12))/(2/3). Let h(y) = y**2 - 8*y - 13. Determine h(f).
-20
Let a(z) = 0 + 3*z - 12*z + 2*z + 6*z - 1. Give a(-4).
3
Let m(a) = 3*a - 34. Suppose -192 + 1028 = 76*x. What is m(x)?
-1
Let f be 0/((-16)/4) - -1. Let a = 4 - f. Let v(d) be the third derivative of -d**4/12 - 2*d**3/3 - d**2. What is v(a)?
-10
Suppose -2*n - 3 = -3*r, -23 = n - 20. Let x(k) = 41*k**3 - k**2 - 3*k - 2. Give x(r).
-41
Suppose 2*x = -0*x + 26. Let y = x - 0. Let g(r) = -8*r**2 - 4*r + 5. Let i(q) = -16*q**2 - 9*q + 11. Let o(u) = y*g(u) - 6*i(u). Calculate o(1).
-7
Suppose 2*m + 30 = -4*m. Let x(z) = z + 1. Let q(i) = 3*i + 15. Let f(l) = m*x(l) + q(l). Suppose -10*u - 28 = -14*u. Determine f(u).
-4
Let p = -11 + 6. Let q(g) = g**3 + 4*g**2 - 7*g - 6. Let b be q(p). Suppose z - b*z + 18 = 0. Let t(n) = 2*n - 7. Determine t(z).
5
Let z(y) = y**3 - 5*y**2 - 16*y + 17. Let v be z(7). Let p(c) = 9*c**2 + 7*c - 8 + 4*c**v - c**2 - 2*c**2 - 5*c**3. Give p(7).
-8
Let s(g) = g**3 + 14*g**2 + 11. Let j(q) = -3*q**2 + 73*q + 36. Let x be j(25). Give s(x).
11
Let i(t) = 5*t - 3. Let j(p) = 14*p - 6. Let r(b) = 9*i(b) - 4*j(b). Give r(-5).
52
Let v(s) = s**2 - s - 1. Let d be v(3). Suppose 5*z + 0 - 5 = 0. Let l(w) = -w**2 - z + 2 + 10*w**2 - 8*w**2 - 5*w. Give l(d).
1
Let h(y) = -2080*y**2 + 1028*y**2 + 1051*y**2 - 2 - 5*y. Suppose 18 = -7*p + 4*p. What is h(p)?
-8
Let a = 410 - 409. Let i(o) = -9*o**3 + o**2 - o + 1. Determine i(a).
-8
Let o(u) = -u**2 + 4*u - 2. Suppose -7*h = -6*h + 8. Let b be h*2/(-2) + -4. Determine o(b).
-2
Let z(x) be the first derivative of -x**3/3 + 3*x**2 + 8*x - 2. Let c = 139 - 22. Let d = 123 - c. Determine z(d).
8
Let d(g) = -g**2 - 36*g + 14*g + 1 + 24*g. Give d(3).
-2
Let o(n) = 13*n**2 + 8*n - 12 - 8*n**2 - 3*n**2 - 3*n**2. What is o(7)?
-5
Let t be (-11 - 395/(-20)) + (-1)/(-4). Let x(z) = -z + 5. Give x(t).
-4
Let j(m) = 4*m**2 + 9*m + m - 5*m - 2*m + 3. Let b be j(-1). Let s(p) = p**3 - 3*p**2 - 6*p + 5. Give s(b).
-3
Let l(f) = -15*f - 9. Let c be (-3 + (-27)/(-15))*-5. Let m(s) = 7*s + 4. Let n(b) = c*l(b) + 13*m(b). Let v = 385 - 378. Calculate n(v).
5
Let u(m) = -5*m - 3. Suppose -2*y - 10 = -2*p, 7 = -3*y + 2*p - 7*p. Let w(v) = -v**3 + 7*v**2 - 11*v + 7. Let x be w(5). Let l = y + x. Determine u(l).
7
Let t be -12*((-80)/120 + (-4)/(-3)). Let g(i) = -i**3 - 6*i**2 + 9*i - 7. Determine g(t).
49
Let v(t) be the first derivative of -t**2/2 - 15*t - 17. Determine v(-8).
-7
Let v = 1086 - 1082. Let q(d) = -d**3 + 6*d**2 - 6*d. What is q(v)?
8
Let a(l) = -l**3 + l**2 - l - 1. Let y(v) = -2*v**2 + 3*v + 5. Let i(w) = 3*a(w) + y(w). Determine i(2).
-18
Let z(r) = r - 1. Let b(q) = 4*q - 1 + q**2 - 4 + 3*q**2. Let k(i) = b(i) - 5*z(i). Suppose -23 + 25 = 2*p. Give k(p).
3
Let w(q) be the third derivative of -q**4/8 + 3*q**3/2 + 2*q**2. Suppose -6*y - 2885 = -2921. Calculate w(y).
-9
Let n(y) be the first derivative of 3*y**4/4 + 5*y**3/3 - 2*y**2 + 6*y - 19. Let f(i) = i**3 - i - 1. Let q(z) = 2*f(z) - n(z). Give q(-6).
16
Let b(s) = s**2 - 5*s + 3. Let o(w) = 5*w - 1. Let y(h) = -2*b(h) - 3*o(h). What is y(-4)?
-15
Let m(w) = -w**3 + 10*w**2 - 9*w - 1. Let y(k) = k - 60. Let v(g) = -31. Let b(z) = -5*v(z) + 2*y(z). Let o be b(-13). Determine m(o).
-1
Let g be (1/(-1))/(9/(-810)*-10). Let q(l) = -l**3 - 9*l**2 + 2*l + 12. Give q(g).
-6
Let g(f) = f - 3. Let t(m) = m - 14. Let i(q) = -5*g(q) + t(q). What is i(1)?
-3
Let q be (0 - 7)*96/112. Let y(c) = -4*c + 5. Calculate y(q).
29
Let z(i) = 2 - 15*i**2 - 6*i + 6*i**2 + 9*i + 8*i**2. Give z(-2).
-8
Let m(a) be the first derivative of -a**3/3 + 7*a**2/2 + 13*a + 118. What is m(9)?
-5
Let b(k) = -k**2 + 18*k - 69. Let f be b(11). Let v(u) = -u + 17. Give v(f).
9
Let g(w) = -7 + 6*w - 9*w + w. Determine g(6).
-19
Let d(k) be the third derivative of k**8/6720 + k**6/720 + 7*k**5/40 + 13*k**4/6 - 2*k**2 + 23*k. Let o(j) be the second derivative of d(j). Give o(0).
21
Let n(l) = 3*l**2 + l - 1. Let v(i) = -3*i**2 - i + 1. Let s(k) = -2*n(k) - 3*v(k). Suppose -f = -2*b - 2, -3*b = -f - 0*b + 4. Calculate s(f).
9
Let c(u) = 3*u**2 - 2. Let a(y) = -y**2 - 1. Let r(q) = 4*a(q) - 2*c(q). Determine r(-1).
-10
Let f(l) = -2*l**3 - 6*l**2 - 8*l - 10. Let i(o) = o**3 - 2*o**2 + o + 2. Let v(h) = f(h) + i(h). Give v(-7).
-8
Let x(b) = 5*b - 15916 - 4*b + 15915. Calculate x(0).
-1
Let p(s) = -17*s**2 + 35*s - 1. Let t(u) = -14*u**2 + 26*u - 1. Let f(o) = 3*p(o) - 4*t(o). Let z(k) = -k - 6. Let q be z(-5). Determine f(q).
5
Let x(t) = 3*t - 3. Suppose -15*c + 16 = -11*c. Suppose 0 = -c*d + 11 - 35. Calculate x(d).
-21
Let x(u) 